) to base 11
-75
What is -103 (base 10) in base 11?
-94
Convert -21 (base 6) to base 5.
-23
What is -10 (base 9) in base 4?
-21
Convert 0 (base 3) to base 15.
0
Convert -3 (base 10) to base 13.
-3
Convert -4 (base 11) to base 16.
-4
-13 (base 14) to base 11
-16
What is -221 (base 5) in base 7?
-115
What is -1 (base 11) in base 16?
-1
What is -35 (base 7) in base 15?
-1b
Convert 1011 (base 2) to base 10.
11
Convert b0 (base 12) to base 16.
84
0 (base 8) to base 10
0
Convert -62 (base 15) to base 13.
-71
What is -2 (base 4) in base 9?
-2
Convert 19 (base 13) to base 16.
16
Convert -512 (base 6) to base 10.
-188
-24 (base 8) to base 15
-15
0 (base 2) to base 11
0
8 (base 16) to base 10
8
What is -8 (base 13) in base 9?
-8
10 (base 2) to base 14
2
What is 2 (base 11) in base 8?
2
What is 15 (base 13) in base 3?
200
Convert 2 (base 14) to base 9.
2
What is -26 (base 11) in base 3?
-1001
2 (base 5) to base 4
2
What is -31 (base 7) in base 9?
-24
Convert 431 (base 5) to base 4.
1310
What is 221 (base 4) in base 16?
29
108 (base 13) to base 16
b1
Convert 3b (base 14) to base 12.
45
Convert 441 (base 5) to base 15.
81
Convert 1 (base 8) to base 7.
1
1 (base 15) to base 6
1
What is -1010 (base 2) in base 3?
-101
20 (base 7) to base 13
11
Convert 14 (base 13) to base 12.
15
What is -1 (base 13) in base 2?
-1
0 (base 14) to base 9
0
What is 10 (base 4) in base 14?
4
11011 (base 2) to base 13
21
2 (base 6) to base 10
2
Convert 341 (base 5) to base 14.
6c
9a (base 11) to base 4
1231
What is 9b (base 15) in base 10?
146
100000111 (base 2) to base 16
107
What is 18 (base 12) in base 5?
40
What is -11100 (base 2) in base 7?
-40
64 (base 7) to base 6
114
-11 (base 12) to base 5
-23
Convert 85 (base 10) to base 12.
71
What is 13 (base 9) in base 13?
c
What is b8 (base 15) in base 6?
445
-1301 (base 5) to base 15
-d6
124 (base 6) to base 12
44
What is -101 (base 4) in base 10?
-17
What is 91 (base 14) in base 2?
1111111
Convert -1032 (base 6) to base 12.
-178
What is 0 (base 12) in base 13?
0
Convert 24 (base 10) to base 15.
19
What is -71 (base 12) in base 5?
-320
-17 (base 9) to base 15
-11
What is -1122 (base 5) in base 11?
-138
Convert -14 (base 9) to base 10.
-13
Convert 22 (base 10) to base 8.
26
Convert -35 (base 7) to base 6.
-42
-11 (base 11) to base 7
-15
Convert -31 (base 4) to base 14.
-d
-4 (base 16) to base 5
-4
1 (base 7) to base 3
1
Convert 30 (base 8) to base 10.
24
-21 (base 11) to base 2
-10111
4 (base 6) to base 9
4
What is 4 (base 15) in base 2?
100
What is -1110 (base 2) in base 16?
-e
Convert -10 (base 5) to base 2.
-101
What is -2 (base 7) in base 9?
-2
-20 (base 5) to base 14
-a
Convert 14 (base 9) to base 10.
13
What is 1 (base 6) in base 12?
1
What is -2 (base 15) in base 4?
-2
What is -11 (base 7) in base 3?
-22
Convert 15 (base 6) to base 3.
102
What is 44 (base 6) in base 13?
22
Convert 23 (base 7) to base 13.
14
What is 2 (base 12) in base 14?
2
What is -11 (base 10) in base 13?
-b
1 (base 2) to base 9
1
What is -24 (base 11) in base 5?
-101
-2 (base 3) to base 10
-2
Convert 3c (base 16) to base 13.
48
What is 0 (base 7) in base 3?
0
1 (base 12) to base 4
1
What is 2 (base 11) in base 13?
2
32 (base 9) to base 15
1e
Convert -10201 (base 3) to base 15.
-6a
What is -341 (base 5) in base 9?
-116
Convert -12 (base 13) to base 4.
-33
What is -1211 (base 3) in base 4?
-301
What is a (base 13) in base 2?
1010
-23 (base 6) to base 15
-10
Convert -100111 (base 2) to base 8.
-47
What is -25 (base 12) in base 2?
-11101
Convert -1101111 (base 2) to base 4.
-1233
What is 3 (base 16) in base 7?
3
Convert -3 (base 10) to base 9.
-3
0 (base 10) to base 5
0
What is 21 (base 14) in base 15?
1e
What is 26 (base 11) in base 12?
24
Convert 1 (base 14) to base 8.
1
-12 (base 7) to base 6
-13
What is -3 (base 13) in base 6?
-3
-62 (base 14) to base 13
-68
What is -111 (base 3) in base 4?
-31
5 (base 12) to base 2
101
6 (base 14) to base 11
6
What is 6 (base 7) in base 14?
6
-23 (base 8) to base 6
-31
Convert 33 (base 4) to base 9.
16
Convert -4 (base 7) to base 11.
-4
What is 7 (base 9) in base 15?
7
Convert 22 (base 13) to base 14.
20
Convert -11111 (base 3) to base 2.
-1111001
What is 6 (base 8) in base 7?
6
What is 10001 (base 2) in base 6?
25
da (base 16) to base 9
262
What is 6 (base 15) in base 3?
20
-12 (base 4) to base 14
-6
What is 1 (base 12) in base 8?
1
Convert -51 (base 14) to base 5.
-241
Convert -3e (base 16) to base 13.
-4a
Convert -48 (base 9) to base 2.
-101100
25 (base 8) to base 16
15
Convert 224 (base 5) to base 12.
54
Convert 10 (base 14) to base 16.
e
What is 13 (base 6) in base 8?
11
What is 53 (base 16) in base 15?
58
Convert 1010 (base 2) to base 3.
101
What is 0 (base 2) in base 15?
0
-1 (base 15) to base 5
-1
Convert -43 (base 13) to base 6.
-131
What is -1 (base 11) in base 10?
-1
30 (base 7) to base 13
18
Convert 131 (base 5) to base 16.
29
81 (base 10) to base 3
10000
Convert 505 (base 6) to base 7.
353
What is 16 (base 12) in base 8?
22
Convert 6 (base 15) to base 5.
11
Convert 76 (base 10) to base 11.
6a
2 (base 11) to base 9
2
Convert -52 (base 9) to base 15.
-32
1 (base 5) to base 8
1
Convert -1 (base 3) to base 16.
-1
-212 (base 4) to base 8
-46
What is 13 (base 11) in base 9?
15
6 (base 7) to base 10
6
Convert 502 (base 7) to base 13.
160
Convert -340 (base 6) to base 7.
-246
1001111 (base 2) to base 4
1033
What is 31 (base 4) in base 12?
11
What is -2021 (base 3) in base 14?
-45
Convert -25 (base 7) to base 10.
-19
16a (base 13) to base 2
100000001
What is 24 (base 11) in base 15?
1b
-2020 (base 3) to base 14
-44
Convert 5 (base 15) to base 2.
101
Convert 44 (base 10) to base 12.
38
Convert -132 (base 9) to base 4.
-1232
45 (base 7) to base 12
29
Convert -8 (base 14) to base 8.
-10
Convert -10 (base 9) to base 5.
-14
16 (base 8) to base 9
15
Convert -25 (base 8) to base 7.
-30
What is -4 (base 11) in base 2?
-100
What is 5 (base 6) in base 11?
5
-112 (base 4) to base 2
-10110
What is 102 (base 5) in base 10?
27
Convert -9 (base 11) to base 10.
-9
What is -2 (base 12) in base 15?
-2
What is -15 (base 14) in base 2?
-10011
245 (base 8) to base 6
433
Convert d (base 16) to base 12.
11
Convert -2 (base 4) to base 12.
-2
What is -11100 (base 3) in base 16?
-75
Convert 10 (base 3) to base 16.
3
What is 10a (base 11) in base 5?
1011
0 (base 8) to base 6
0
What is -43 (base 8) in base 7?
-50
Convert -10 (base 4) to base 13.
-4
21 (base 3) to base 10
7
What is 1 (base 5) in base 16?
1
1 (base 8) to base 11
1
-46 (base 7) to base 4
-202
What is 3 (base 8) in base 11?
3
What is 32 (base 11) in base 5?
120
What is -6d (base 14) in base 10?
-97
9 (base 14) to base 12
9
What is 7 (base 16) in base 11?
7
1110010 (base 2) to base 3
11020
Convert -40 (base 9) to base 8.
-44
Convert -160 (base 15) to base 12.
-223
-2 (base 11) to base 4
-2
What is -12 (base 5) in base 13?
-7
What is 101010 (base 2) in base 16?
2a
What is 301 (base 10) in base 14?
177
-10102 (base 4) to base 7
-541
Convert 42 (base 5) to base 8.
26
Convert -20 (base 4) to base 9.
-8
What is -410 (base 5) in base 11?
-96
Convert -414 (base 6) to base 12.
-10a
1a (base 11) to base 8
25
30 (base 16) to base 2
110000
133 (base 4) to base 15
21
Convert -5 (base 8) to base 13.
-5
What is 45 (base 11) in base 3?
1211
Convert -20 (base 3) to base 8.
-6
What is 35 (base 15) in base 6?
122
What is 145 (base 8) in base 2?
1100101
-72 (base 11) to base 4
-1033
Convert -116 (base 16) to base 15.
-138
Convert 2 (base 10) to base 3.
2
What is -123 (base 7) in base 16?
-42
Convert -12 (base 9) to base 8.
-13
Convert 103 (base 5) to base 14.
20
Convert 121 (base 8) to base 11.
74
-2 (base 9) to base 10
-2
-2 (base 13) to base 6
-2
Convert 1111 (base 6) to base 5.
2014
What is -2b (base 14) in base 5?
-124
What is -120 (base 4) in base 3?
-220
-4 (base 8) to base 15
-4
-11111 (base 2) to base 8
-37
What is 1011 (base 3) in base 4?
133
Convert -47 (base 10) to base 8.
-57
What is 2001 (base 3) in base 4?
313
What is -13 (base 8) in base 2?
-1011
-203 (base 4) to base 13
-29
What is 1100110 (base 2) in base 5?
402
Convert -b (base 14) to base 10.
-11
What is -73 (base 13) in base 3?
-10111
8 (base 10) to base 9
8
Convert -11 (base 3) to base 7.
-4
Convert -1244 (base 5) to base 11.
-1